In base 6, what is -5 + -30353430?
-30353435
In base 9, what is -26630043 + -47?
-26630101
In base 9, what is -10 + -10505778?
-10505788
In base 15, what is -bdae122 + 8?
-bdae119
In base 13, what is 1ab34 - -251?
1b085
In base 16, what is -342d4 - 82?
-34356
In base 8, what is 7241 + 103253?
112514
In base 3, what is -10222020210122 + 0?
-10222020210122
In base 10, what is -15 - -839090?
839075
In base 8, what is -1 - 46605151?
-46605152
In base 16, what is 7841 - fe5?
685c
In base 13, what is 4c - 4b6843?
-4b67c4
In base 11, what is 11444429 + 0?
11444429
In base 14, what is 4 - -8555d3?
8555d7
In base 10, what is 360874996 + -2?
360874994
In base 10, what is 1 - 466210?
-466209
In base 6, what is -4 + -420212531?
-420212535
In base 8, what is 654 + 103712?
104566
In base 5, what is 3 - -103322203002?
103322203010
In base 6, what is -52 + 2121230250?
2121230154
In base 14, what is -d11 + 5931?
4a20
In base 11, what is -6 + -782524?
-78252a
In base 5, what is -31141 + 2110344?
2024203
In base 8, what is -7 - 112253267?
-112253276
In base 4, what is -131 + -10230121?
-10230312
In base 10, what is -148665 + 396?
-148269
In base 16, what is -62 + -5074b?
-507ad
In base 14, what is -3 + -5b380a?
-5b380d
In base 12, what is 628 - -2574?
2ba0
In base 2, what is -11 + -111000100101111001110111?
-111000100101111001111010
In base 16, what is 2f7da92f - -4?
2f7da933
In base 10, what is -13 + 2211865?
2211852
In base 3, what is -200112 - -10122200222?
10122000110
In base 4, what is -2132120 + -11011000?
-13203120
In base 6, what is 2 - -31320100?
31320102
In base 14, what is -ab + -5a529d?
-5a536a
In base 3, what is 1001210010021012 - -202?
1001210010021221
In base 15, what is 5e3 + -3328?
-2c35
In base 2, what is -11 + -101000011000100101000001?
-101000011000100101000100
In base 16, what is 6e2dc4 - 2?
6e2dc2
In base 16, what is -183 - a6a3?
-a826
In base 9, what is 154016114 - 3?
154016111
In base 8, what is -126 + 30401073?
30400745
In base 13, what is 2251 - 18861?
-16610
In base 9, what is -5 + -67016?
-67022
In base 14, what is 1 - 49b564?
-49b563
In base 5, what is -42323 + -222203?
-320031
In base 13, what is 49b - 7348?
-6b7a
In base 12, what is -3 + -27b43?
-27b46
In base 3, what is 2112200 + -2120022?
-122
In base 4, what is -31012230232 - 12?
-31012230310
In base 15, what is -2c86 + -9dd?
-3774
In base 12, what is 135 - 2a283?
-2a14a
In base 3, what is -1011120121202002011 + 0?
-1011120121202002011
In base 11, what is -90a596 + 29?
-90a568
In base 6, what is -235502 - 404?
-240310
In base 9, what is 2 - 1053660?
-1053657
In base 14, what is -101c + -25b7?
-35d5
In base 14, what is -4 - 5039557?
-503955b
In base 2, what is -100000000110100000 - -101?
-100000000110011011
In base 14, what is -1 - -220bcb4?
220bcb3
In base 14, what is -a7130b + -7?
-a71314
In base 7, what is -3 + -1143224550?
-1143224553
In base 6, what is 321 - 444255?
-443534
In base 9, what is 5 + -6207014?
-6207008
In base 15, what is 4653 + 1c3?
4826
In base 4, what is 212001131132 - -10?
212001131202
In base 3, what is 10 - 1212202101012?
-1212202101002
In base 2, what is -110001001000 + 10011011?
-101110101101
In base 4, what is -33 + 3302312302?
3302312203
In base 7, what is 2 + -524022333?
-524022331
In base 7, what is 366 + -3111504?
-3111105
In base 15, what is 5 - -7cbc8c?
7cbc92
In base 12, what is b - -30553779?
30553788
In base 4, what is -3 - -32103020020?
32103020011
In base 7, what is -3525 + 2231?
-1264
In base 2, what is -1000010101010 + 1111111010000?
111100100110
In base 7, what is 524 - -11422105?
11422632
In base 3, what is 10020 + -12102102200?
-12102022110
In base 5, what is 42 - -1340303310?
1340303402
In base 8, what is 4371276 - 3?
4371273
In base 12, what is 1 - 91914b?
-91914a
In base 12, what is -1a + -113296?
-1132b4
In base 13, what is 3aa9 - 6132?
-2356
In base 8, what is 2334136 - -36?
2334174
In base 11, what is -5 - a0201962?
-a0201967
In base 3, what is 0 + -20002220202200?
-20002220202200
In base 3, what is -22112010201002 + 2?
-22112010201000
In base 3, what is 1121022 + 222120?
2120212
In base 5, what is 11223033434 + -30?
11223033404
In base 13, what is -433a9a - 182?
-433c4c
In base 6, what is -2321233 + 3343?
-2313450
In base 2, what is -100100110001010 + 1001001100100?
-11011100100110
In base 6, what is 402112 - -1215?
403331
In base 7, what is 0 - -633333452?
633333452
In base 9, what is 105005 - 11878?
83016
In base 14, what is -9b + 12328?
1226b
In base 6, what is -1004452 - -313?
-1004135
In base 6, what is 153222524 - -54?
153223022
In base 3, what is -122111121000 + -202?
-122111121202
In base 9, what is -3 - 110452318?
-110452322
In base 6, what is 30 + -100031055?
-100031025
In base 15, what is -2d - 6beb44?
-6beb72
In base 3, what is 110211120122 + -10?
110211120112
In base 9, what is -23021517 - 35?
-23021553
In base 7, what is -22154214105 - -1?
-22154214104
In base 6, what is 10253113 - 241?
10252432
In base 16, what is -a2 - -6d65c?
6d5ba
In base 8, what is -5344 + -3?
-5347
In base 12, what is -9 + 230386a?
2303861
In base 12, what is 18 - 8b6671?
-8b6655
In base 2, what is -1 - 101110110111011010100110?
-101110110111011010100111
In base 3, what is 22011 + 200002212?
200102000
In base 5, what is 221 - -334444130?
334444401
In base 2, what is 100 + -11111001110101101110100?
-11111001110101101110000
In base 14, what is 2ac5 - -25?
2b0a
In base 13, what is 5 - 5a9012?
-5a900a
In base 6, what is -120013 + 13530?
-102043
In base 8, what is 22 - -2013027?
2013051
In base 4, what is 1231211 - -1131100?
3022311
In base 6, what is -4311242 + 5205?
-4302033
In base 7, what is -41426 - 12020?
-53446
In base 2, what is 110100001010001 - -101100011?
110100110110100
In base 15, what is 3629a4e - -5?
3629a54
In base 2, what is 110010111110011000011 + 11010?
110010111110011011101
In base 16, what is -213bd441 + 1?
-213bd440
In base 9, what is 24880646 - 4?
24880642
In base 11, what is -3a655 + 52?
-3a603
In base 12, what is -86 - 21513b?
-215205
In base 11, what is -108 + -609355?
-609462
In base 11, what is -2825 + 47a7?
1a82
In base 12, what is -167565 - 115?
-16767a
In base 4, what is 1023101003000 - 2?
1023101002332
In base 15, what is -90b2d87 - 4?
-90b2d8b
In base 13, what is 245 - -1309?
1551
In base 14, what is 28cd + -6a14?
-4125
In base 8, what is -210437 + 431?
-210006
In base 8, what is 117 + -472350?
-472231
In base 12, what is -67097169 + -5?
-67097172
In base 13, what is -1338ca6a + 3?
-1338ca67
In base 10, what is 8966 + -1153?
7813
In base 10, what is 3 - -24474026?
24474029
In base 10, what is -24 + -320034?
-320058
In base 15, what is -4 - 18a0121?
-18a0125
In base 10, what is -8489696 - 4?
-8489700
In base 8, what is 106154 + -342?
105612
In base 11, what is -1 - a14493?
-a14494
In base 16, what is -3 - -649345?
649342
In base 15, what is -1 - 29514?
-29515
In base 15, what is 1600 + bca4?
d3a4
In base 3, what is -2221212020000202 - -101?
-2221212020000101
In base 8, what is -15664014 - -102?
-15663712
In base 13, what is 0 - -33675266?
33675266
In base 2, what is 1001011000011010101010 - -1000?
1001011000011010110010
In base 7, what is -123220241 + -13?
-123220254
In base 14, what is c84d95 - 3?
c84d92
In base 3, what is 1120100212 + -2012012?
1111011200
In base 3, what is -10101 - 122211212210?
-122212000011
In base 6, what is -455331 - -2443?
-452444
In base 13, what is -4 - -6a74c13?
6a74c0c
In base 16, what is 3 - -ad38d?
ad390
In base 7, what is -3015 + 10331?
4313
In base 8, what is 7634 + -2357?
5255
In base 13, what is -1276c + 9984?
-5ab8
In base 14, what is -70306 - -7?
-702dd
In base 12, what is -1 + -a06832?
-a06833
In base 5, what is -1002420414 + 30?
-1002420334
In base 8, what is -14041 - 46662?
-62723
In base 7, what is -1521446 - -2254?
-1516162
In base 11, what is -83278 - 1aa?
-83477
In base 11, what is 82 + 68804?
68886
In base 12, what is -121640 + 388?
-121274
In base 10, what is -3 - 55213?
-55216
In base 13, what is 4c7b50 + 5?
4c7b55
In base 8, what is -37701602 - -5?
-37701575
In base 15, what is 1d588e + -8?
1d5886
In base 16, what is 1b7 - ee25?
-ec6e
In base 13, what is 366457 - 5?
366452
In base 9, what is 51206635 + -15?
51206620
In base 7, what is 1111 - -344062?
345203
In base 